{"id":155,"date":"2024-10-04T15:32:17","date_gmt":"2024-10-04T13:32:17","guid":{"rendered":"https:\/\/www.jurizy.com\/?page_id=155"},"modified":"2024-10-04T15:32:18","modified_gmt":"2024-10-04T13:32:18","slug":"baux","status":"publish","type":"page","link":"https:\/\/www.jurizy.com\/index.php\/baux\/","title":{"rendered":"Baux"},"content":{"rendered":"<p><strong>Baux adapt\u00e9s \u00e0 votre situation sp\u00e9cifique<\/strong><br>Vous \u00eates propri\u00e9taire et \u00e9galement exploitant du bien immobilier que vous louez \u00e0 votre entreprise ? Jurizy vous accompagne dans la r\u00e9daction de vos baux professionnels ou commerciaux pour une gestion simplifi\u00e9e et conforme aux exigences l\u00e9gales.<\/p><p><strong>Nos services incluent :<\/strong><\/p><ul class=\"wp-block-list\"><li>La r\u00e9daction compl\u00e8te de baux adapt\u00e9s \u00e0 vos besoins sp\u00e9cifiques.<\/li>\n\n<li>La v\u00e9rification des mentions obligatoires afin de garantir la conformit\u00e9 juridique du document.<\/li><\/ul><p><em>Les tarifs sont exon\u00e9r\u00e9s de TVA.<\/em><\/p><figure class=\"wp-block-table aligncenter has-small-font-size\"><table class=\"has-fixed-layout\"><tbody><tr><td>Bail professionnel <em>(exploitant et propri\u00e9taire identique)<\/em><\/td><td>350,- \u20ac<\/td><\/tr><tr><td>Bail commercial <em>(exploitant et propri\u00e9taire identique)<\/em><\/td><td>350,- \u20ac<\/td><\/tr><\/tbody><\/table><\/figure><p class=\"has-background-color-background-color has-background\"><strong>Note Importante :<\/strong><br><em>Les honoraires indiqu\u00e9s n&rsquo;incluent pas les d\u00e9bours, tels que les frais de greffe, les frais de publication d&rsquo;annonces l\u00e9gales, ou autres frais administratifs obligatoires. Ces frais seront ajout\u00e9s au co\u00fbt total des prestations et pourront \u00eatre avanc\u00e9s par nos soins, sur pr\u00e9sentation des justificatifs.<\/em><\/p><div class=\"wp-block-buttons is-content-justification-center is-layout-flex wp-container-core-buttons-is-layout-16018d1d wp-block-buttons-is-layout-flex\"><div class=\"wp-block-button\"><a class=\"wp-block-button__link has-white-color has-accent-background-color has-text-color has-background has-link-color wp-element-button\" href=\"https:\/\/www.jurizy.com\/index.php\/contact\/\">Contactez-nous<\/a><\/div><\/div><p><\/p>","protected":false},"excerpt":{"rendered":"<p>Baux adapt\u00e9s \u00e0 votre situation sp\u00e9cifiqueVous \u00eates propri\u00e9taire et \u00e9galement exploitant du bien immobilier que vous louez \u00e0 votre entreprise ? Jurizy vous accompagne dans la r\u00e9daction de vos baux professionnels ou commerciaux pour une gestion simplifi\u00e9e et conforme aux exigences l\u00e9gales. Nos services incluent : Les tarifs sont exon\u00e9r\u00e9s [&hellip;]<\/p>\n","protected":false},"author":1,"featured_media":0,"parent":0,"menu_order":0,"comment_status":"closed","ping_status":"closed","template":"","meta":{"footnotes":""},"class_list":["post-155","page","type-page","status-publish","hentry"],"_links":{"self":[{"href":"https:\/\/www.jurizy.com\/index.php\/wp-json\/wp\/v2\/pages\/155","targetHints":{"allow":["GET"]}}],"collection":[{"href":"https:\/\/www.jurizy.com\/index.php\/wp-json\/wp\/v2\/pages"}],"about":[{"href":"https:\/\/www.jurizy.com\/index.php\/wp-json\/wp\/v2\/types\/page"}],"author":[{"embeddable":true,"href":"https:\/\/www.jurizy.com\/index.php\/wp-json\/wp\/v2\/users\/1"}],"replies":[{"embeddable":true,"href":"https:\/\/www.jurizy.com\/index.php\/wp-json\/wp\/v2\/comments?post=155"}],"version-history":[{"count":1,"href":"https:\/\/www.jurizy.com\/index.php\/wp-json\/wp\/v2\/pages\/155\/revisions"}],"predecessor-version":[{"id":156,"href":"https:\/\/www.jurizy.com\/index.php\/wp-json\/wp\/v2\/pages\/155\/revisions\/156"}],"wp:attachment":[{"href":"https:\/\/www.jurizy.com\/index.php\/wp-json\/wp\/v2\/media?parent=155"}],"curies":[{"name":"wp","href":"https:\/\/api.w.org\/{rel}","templated":true}]}}